
{"id":5289,"date":"2022-02-23T23:09:05","date_gmt":"2022-02-23T20:09:05","guid":{"rendered":"https:\/\/kmkgrup.com.tr\/?page_id=5289"},"modified":"2026-01-03T11:50:56","modified_gmt":"2026-01-03T08:50:56","slug":"duru-mistblower","status":"publish","type":"page","link":"https:\/\/kmkgrup.com.tr\/index.php\/duru-mistblower\/","title":{"rendered":"DURU M\u0130STBLOWER"},"content":{"rendered":"\t\t<div data-elementor-type=\"wp-page\" data-elementor-id=\"5289\" class=\"elementor elementor-5289\" data-elementor-settings=\"[]\">\n\t\t\t\t\t\t\t<div class=\"elementor-section-wrap\">\n\t\t\t\t\t\t\t<section class=\"elementor-section elementor-top-section elementor-element elementor-element-ca20ca2 elementor-section-boxed elementor-section-height-default elementor-section-height-default\" data-id=\"ca20ca2\" data-element_type=\"section\">\n\t\t\t\t\t\t<div class=\"elementor-container elementor-column-gap-default\">\n\t\t\t\t\t<div class=\"elementor-column elementor-col-100 elementor-top-column elementor-element elementor-element-03d3827\" data-id=\"03d3827\" data-element_type=\"column\">\n\t\t\t<div class=\"elementor-widget-wrap elementor-element-populated\">\n\t\t\t\t\t\t\t\t<div class=\"elementor-element elementor-element-ccac611 elementor-widget elementor-widget-spacer\" data-id=\"ccac611\" data-element_type=\"widget\" data-widget_type=\"spacer.default\">\n\t\t\t\t<div class=\"elementor-widget-container\">\n\t\t\t\t\t<div class=\"elementor-spacer\">\n\t\t\t<div class=\"elementor-spacer-inner\"><\/div>\n\t\t<\/div>\n\t\t\t\t<\/div>\n\t\t\t\t<\/div>\n\t\t\t\t\t<\/div>\n\t\t<\/div>\n\t\t\t\t\t\t\t<\/div>\n\t\t<\/section>\n\t\t\t\t<section class=\"elementor-section elementor-top-section elementor-element elementor-element-f6c64a5 elementor-section-boxed elementor-section-height-default elementor-section-height-default\" data-id=\"f6c64a5\" data-element_type=\"section\">\n\t\t\t\t\t\t<div class=\"elementor-container elementor-column-gap-default\">\n\t\t\t\t\t<div class=\"elementor-column elementor-col-50 elementor-top-column elementor-element elementor-element-74e77d2\" data-id=\"74e77d2\" data-element_type=\"column\">\n\t\t\t<div class=\"elementor-widget-wrap elementor-element-populated\">\n\t\t\t\t\t\t\t\t<div class=\"elementor-element elementor-element-53f007a elementor-widget elementor-widget-image\" data-id=\"53f007a\" data-element_type=\"widget\" data-widget_type=\"image.default\">\n\t\t\t\t<div class=\"elementor-widget-container\">\n\t\t\t\t\t\t\t\t\t\t\t\t\t\t\t\t<a href=\"https:\/\/kmkgrup.com.tr\/wp-content\/uploads\/2026\/01\/arac-ustu-sinek-ilaclama-makinesi-belediye-ilaclama-kamu-ozel-idareler-mist-blower-arac-uzeri-mist-blower-ilaclama-makinasi-duru-mist-blower-mistblower-1024x791-1.jpg\" data-elementor-open-lightbox=\"yes\" data-elementor-lightbox-title=\"arac-\u00fcst\u00fc-sinek-ilaclama-makinesi-belediye-ilaclama-kamu-\u00f6zel-idareler-mist-blower-arac-uzeri-mist-blower-ilaclama-makinasi-duru-mist-blower-mistblower-1024x791\">\n\t\t\t\t\t\t\t<img loading=\"lazy\" decoding=\"async\" width=\"750\" height=\"579\" src=\"data:image\/svg+xml,%20%3Csvg%20viewBox%3D%220%200%20750%20579%22%20xmlns%3D%22http%3A%2F%2Fwww.w3.org%2F2000%2Fsvg%22%3E%3C%2Fsvg%3E\" data-src=\"https:\/\/kmkgrup.com.tr\/wp-content\/uploads\/2026\/01\/arac-ustu-sinek-ilaclama-makinesi-belediye-ilaclama-kamu-ozel-idareler-mist-blower-arac-uzeri-mist-blower-ilaclama-makinasi-duru-mist-blower-mistblower-1024x791-1.jpg\" class=\" lazyload attachment-large size-large\" alt=\"M\u0130ST BLOWER F\u0130YATLARI\" srcset=\"\" data-srcset=\"https:\/\/kmkgrup.com.tr\/wp-content\/uploads\/2026\/01\/arac-ustu-sinek-ilaclama-makinesi-belediye-ilaclama-kamu-ozel-idareler-mist-blower-arac-uzeri-mist-blower-ilaclama-makinasi-duru-mist-blower-mistblower-1024x791-1.jpg 1024w, https:\/\/kmkgrup.com.tr\/wp-content\/uploads\/2026\/01\/arac-ustu-sinek-ilaclama-makinesi-belediye-ilaclama-kamu-ozel-idareler-mist-blower-arac-uzeri-mist-blower-ilaclama-makinasi-duru-mist-blower-mistblower-1024x791-1-300x232.jpg 300w, https:\/\/kmkgrup.com.tr\/wp-content\/uploads\/2026\/01\/arac-ustu-sinek-ilaclama-makinesi-belediye-ilaclama-kamu-ozel-idareler-mist-blower-arac-uzeri-mist-blower-ilaclama-makinasi-duru-mist-blower-mistblower-1024x791-1-768x593.jpg 768w, https:\/\/kmkgrup.com.tr\/wp-content\/uploads\/2026\/01\/arac-ustu-sinek-ilaclama-makinesi-belediye-ilaclama-kamu-ozel-idareler-mist-blower-arac-uzeri-mist-blower-ilaclama-makinasi-duru-mist-blower-mistblower-1024x791-1-150x116.jpg 150w, https:\/\/kmkgrup.com.tr\/wp-content\/uploads\/2026\/01\/arac-ustu-sinek-ilaclama-makinesi-belediye-ilaclama-kamu-ozel-idareler-mist-blower-arac-uzeri-mist-blower-ilaclama-makinasi-duru-mist-blower-mistblower-1024x791-1-800x618.jpg 800w\" sizes=\"auto, (max-width: 750px) 100vw, 750px\" \/>\t\t\t\t\t\t\t\t<\/a>\n\t\t\t\t\t\t\t\t\t\t\t\t\t\t\t<\/div>\n\t\t\t\t<\/div>\n\t\t\t\t<section class=\"elementor-section elementor-inner-section elementor-element elementor-element-5b2478f elementor-section-boxed elementor-section-height-default elementor-section-height-default\" data-id=\"5b2478f\" data-element_type=\"section\">\n\t\t\t\t\t\t<div class=\"elementor-container elementor-column-gap-default\">\n\t\t\t\t\t<div class=\"elementor-column elementor-col-100 elementor-inner-column elementor-element elementor-element-ebf3ddc\" data-id=\"ebf3ddc\" data-element_type=\"column\">\n\t\t\t<div class=\"elementor-widget-wrap elementor-element-populated\">\n\t\t\t\t\t\t\t\t<div class=\"elementor-element elementor-element-b897aa1 elementor-widget elementor-widget-image-gallery\" data-id=\"b897aa1\" data-element_type=\"widget\" data-widget_type=\"image-gallery.default\">\n\t\t\t\t<div class=\"elementor-widget-container\">\n\t\t\t\t\t<div class=\"elementor-image-gallery\">\n\t\t\t<div id='gallery-1' class='gallery galleryid-5289 gallery-columns-2 gallery-size-shop_thumbnail'><figure class='gallery-item'>\n\t\t\t<div class='gallery-icon landscape'>\n\t\t\t\t<a data-elementor-open-lightbox=\"yes\" data-elementor-lightbox-slideshow=\"b897aa1\" data-elementor-lightbox-title=\"Entosis-Mist-Blower-Ilaclama-Makinesi-18hp- entosis- sisleme- mistblower\" href='https:\/\/kmkgrup.com.tr\/wp-content\/uploads\/2026\/01\/Entosis-Mist-Blower-Ilaclama-Makinesi-18hp-entosis-sisleme-mistblower.jpg'><img loading=\"lazy\" decoding=\"async\" width=\"150\" height=\"150\" src=\"data:image\/gif;base64,R0lGODlhAQABAAAAACH5BAEKAAEALAAAAAABAAEAAAICTAEAOw==\" data-src=\"https:\/\/kmkgrup.com.tr\/wp-content\/uploads\/2026\/01\/Entosis-Mist-Blower-Ilaclama-Makinesi-18hp-entosis-sisleme-mistblower-150x150.jpg\" class=\" lazyload attachment-shop_thumbnail size-shop_thumbnail\" alt=\"\" srcset=\"\" data-srcset=\"https:\/\/kmkgrup.com.tr\/wp-content\/uploads\/2026\/01\/Entosis-Mist-Blower-Ilaclama-Makinesi-18hp-entosis-sisleme-mistblower-150x150.jpg 150w, https:\/\/kmkgrup.com.tr\/wp-content\/uploads\/2026\/01\/Entosis-Mist-Blower-Ilaclama-Makinesi-18hp-entosis-sisleme-mistblower.jpg 300w\" sizes=\"auto, (max-width: 150px) 100vw, 150px\" \/><\/a>\n\t\t\t<\/div><\/figure>\n\t\t<\/div>\n\t\t<\/div>\n\t\t\t\t<\/div>\n\t\t\t\t<\/div>\n\t\t\t\t\t<\/div>\n\t\t<\/div>\n\t\t\t\t\t\t\t<\/div>\n\t\t<\/section>\n\t\t\t\t\t<\/div>\n\t\t<\/div>\n\t\t\t\t<div class=\"elementor-column elementor-col-50 elementor-top-column elementor-element elementor-element-40c1082\" data-id=\"40c1082\" data-element_type=\"column\">\n\t\t\t<div class=\"elementor-widget-wrap elementor-element-populated\">\n\t\t\t\t\t\t\t\t<div class=\"elementor-element elementor-element-67d23d3 elementor-widget elementor-widget-heading\" data-id=\"67d23d3\" data-element_type=\"widget\" data-widget_type=\"heading.default\">\n\t\t\t\t<div class=\"elementor-widget-container\">\n\t\t\t<h2 class=\"elementor-heading-title elementor-size-default\">DURU M\u0130STBLOWER U.L.V MAK\u0130NASI<\/h2>\t\t<\/div>\n\t\t\t\t<\/div>\n\t\t\t\t<div class=\"elementor-element elementor-element-b2e8c3c elementor-widget elementor-widget-text-editor\" data-id=\"b2e8c3c\" data-element_type=\"widget\" data-widget_type=\"text-editor.default\">\n\t\t\t\t<div class=\"elementor-widget-container\">\n\t\t\t\t\t\t\t<p>DURU M\u0130STBLOWER ARA\u00c7 \u00dcST\u00dc \u0130LA\u00c7LAMA MAK\u0130NASI<\/p>\t\t\t\t\t\t<\/div>\n\t\t\t\t<\/div>\n\t\t\t\t<div class=\"elementor-element elementor-element-3becf8c elementor-aspect-ratio-169 elementor-widget elementor-widget-video\" data-id=\"3becf8c\" data-element_type=\"widget\" data-settings=\"{&quot;youtube_url&quot;:&quot;https:\\\/\\\/youtu.be\\\/83zrPpGWVAE&quot;,&quot;video_type&quot;:&quot;youtube&quot;,&quot;controls&quot;:&quot;yes&quot;,&quot;aspect_ratio&quot;:&quot;169&quot;}\" data-widget_type=\"video.default\">\n\t\t\t\t<div class=\"elementor-widget-container\">\n\t\t\t\t\t<div class=\"elementor-wrapper elementor-fit-aspect-ratio elementor-open-inline\">\n\t\t\t<div class=\"elementor-video\"><\/div>\t\t<\/div>\n\t\t\t\t<\/div>\n\t\t\t\t<\/div>\n\t\t\t\t<div class=\"elementor-element elementor-element-6c34a6e elementor-aspect-ratio-169 elementor-widget elementor-widget-video\" data-id=\"6c34a6e\" data-element_type=\"widget\" data-settings=\"{&quot;youtube_url&quot;:&quot;https:\\\/\\\/youtu.be\\\/ubFxYQ5ta7c&quot;,&quot;video_type&quot;:&quot;youtube&quot;,&quot;controls&quot;:&quot;yes&quot;,&quot;aspect_ratio&quot;:&quot;169&quot;}\" data-widget_type=\"video.default\">\n\t\t\t\t<div class=\"elementor-widget-container\">\n\t\t\t\t\t<div class=\"elementor-wrapper elementor-fit-aspect-ratio elementor-open-inline\">\n\t\t\t<div class=\"elementor-video\"><\/div>\t\t<\/div>\n\t\t\t\t<\/div>\n\t\t\t\t<\/div>\n\t\t\t\t\t<\/div>\n\t\t<\/div>\n\t\t\t\t\t\t\t<\/div>\n\t\t<\/section>\n\t\t\t\t<section class=\"elementor-section elementor-top-section elementor-element elementor-element-b96c9e6 elementor-section-boxed elementor-section-height-default elementor-section-height-default\" data-id=\"b96c9e6\" data-element_type=\"section\">\n\t\t\t\t\t\t<div class=\"elementor-container elementor-column-gap-default\">\n\t\t\t\t\t<div class=\"elementor-column elementor-col-100 elementor-top-column elementor-element elementor-element-41a25d6\" data-id=\"41a25d6\" data-element_type=\"column\">\n\t\t\t<div class=\"elementor-widget-wrap elementor-element-populated\">\n\t\t\t\t\t\t\t\t<div class=\"elementor-element elementor-element-fa9a680 elementor-tabs-view-horizontal elementor-widget elementor-widget-tabs\" data-id=\"fa9a680\" data-element_type=\"widget\" data-widget_type=\"tabs.default\">\n\t\t\t\t<div class=\"elementor-widget-container\">\n\t\t\t\t\t<div class=\"elementor-tabs\">\n\t\t\t<div class=\"elementor-tabs-wrapper\" role=\"tablist\" >\n\t\t\t\t\t\t\t\t\t<div id=\"elementor-tab-title-2621\" class=\"elementor-tab-title elementor-tab-desktop-title\" aria-selected=\"true\" data-tab=\"1\" role=\"tab\" tabindex=\"0\" aria-controls=\"elementor-tab-content-2621\" aria-expanded=\"false\">TEKN\u0130K DETAYLAR<\/div>\n\t\t\t\t\t\t\t\t\t<div id=\"elementor-tab-title-2622\" class=\"elementor-tab-title elementor-tab-desktop-title\" aria-selected=\"false\" data-tab=\"2\" role=\"tab\" tabindex=\"-1\" aria-controls=\"elementor-tab-content-2622\" aria-expanded=\"false\">A\u00c7IKLAMA<\/div>\n\t\t\t\t\t\t\t\t\t<div id=\"elementor-tab-title-2623\" class=\"elementor-tab-title elementor-tab-desktop-title\" aria-selected=\"false\" data-tab=\"3\" role=\"tab\" tabindex=\"-1\" aria-controls=\"elementor-tab-content-2623\" aria-expanded=\"false\">SATI\u015e SONRASI<\/div>\n\t\t\t\t\t\t\t\t\t<div id=\"elementor-tab-title-2624\" class=\"elementor-tab-title elementor-tab-desktop-title\" aria-selected=\"false\" data-tab=\"4\" role=\"tab\" tabindex=\"-1\" aria-controls=\"elementor-tab-content-2624\" aria-expanded=\"false\">\u0130LET\u0130\u015e\u0130M FORMU<\/div>\n\t\t\t\t\t\t\t<\/div>\n\t\t\t<div class=\"elementor-tabs-content-wrapper\" role=\"tablist\" aria-orientation=\"vertical\">\n\t\t\t\t\t\t\t\t\t<div class=\"elementor-tab-title elementor-tab-mobile-title\" aria-selected=\"true\" data-tab=\"1\" role=\"tab\" tabindex=\"0\" aria-controls=\"elementor-tab-content-2621\" aria-expanded=\"false\">TEKN\u0130K DETAYLAR<\/div>\n\t\t\t\t\t<div id=\"elementor-tab-content-2621\" class=\"elementor-tab-content elementor-clearfix\" data-tab=\"1\" role=\"tabpanel\" aria-labelledby=\"elementor-tab-title-2621\" tabindex=\"0\" hidden=\"false\"><table><tbody><tr><td><p><strong><b>MOTOR<\/b><\/strong><\/p><\/td><td><p>18hp\u00a0 \u2013 15 hp\u00a0<\/p><\/td><\/tr><tr><td><p><strong><b>ULV\u00a0\u00a0<\/b><\/strong><\/p><\/td><td><p>Tek nozul<\/p><\/td><\/tr><tr><td><p><strong><b>ULV Ba\u015fl\u0131k Hareketi<\/b><\/strong><\/p><\/td><td><p>340 derece sa\u011fa ve sola 210 derece yukar\u0131 ve a\u015fa\u011f\u0131<\/p><\/td><\/tr><tr><td><p><strong><b>Kumanda<\/b><\/strong><\/p><\/td><td><p>FULL tam foksiyonlu<\/p><\/td><\/tr><tr><td><p><strong><b>\u0130la\u00e7 Tank Kapasitesi<\/b><\/strong><\/p><\/td><td><p>400 litre iste\u011fe ba\u011fl\u0131 500 litre<\/p><\/td><\/tr><tr><td><p><strong><b>\u0130la\u00e7 Form\u00fclasyonu<\/b><\/strong><\/p><\/td><td><p>sc \u2013 ec -wp<\/p><\/td><\/tr><tr><td><p><strong><b>Pompa<\/b><\/strong><\/p><\/td><td><p>14 litre \/ dakika, 150bar<\/p><\/td><\/tr><tr><td><p><strong><b>P\u00fcsk\u00fcrtme Sistemleri<\/b><\/strong><\/p><\/td><td><p>M\u0130ST BLOWER &#8211; U.L.V \u2013 HOLDER<\/p><\/td><\/tr><tr><td><p><strong><b>Holder Hortum<\/b><\/strong><\/p><\/td><td><p>50 metre<\/p><\/td><\/tr><tr><td><p><strong><b>Yak\u0131t Deposu<\/b><\/strong><\/p><\/td><td><p>26 litre<\/p><\/td><\/tr><tr><td><p><strong><b>ULV Memesi<\/b><\/strong><\/p><\/td><td><p><strong><b>6nozull<\/b><\/strong>+ 1 <strong><b>ulv\u00a0<\/b><\/strong><\/p><\/td><\/tr><tr><td><p><strong><b>Yak\u0131t T\u00fcketimi<\/b><\/strong><\/p><\/td><td><p>4 litre<\/p><\/td><\/tr><tr><td><p><strong><b>ULV Micron<\/b><\/strong><\/p><\/td><td><p>09 -49<\/p><\/td><\/tr><tr><td><p><strong><b>Pompa<\/b><\/strong><\/p><\/td><td><p>14 litre dakika 150 bar<\/p><\/td><\/tr><tr><td><p><strong><b>El Y\u0131kama Tank\u0131<\/b><\/strong><\/p><\/td><td><p>5 litre<\/p><\/td><\/tr><tr><td><p><strong><b>A\u011f\u0131rl\u0131k<\/b><\/strong><\/p><\/td><td><p>360 k\u011f<\/p><\/td><\/tr><tr><td><p><strong><b>\u00d6l\u00e7\u00fcleri<\/b><\/strong><\/p><\/td><td><p>E-105 \u00a0 B-150\u00a0 Y-170<\/p><\/td><\/tr><\/tbody><\/table><\/div>\n\t\t\t\t\t\t\t\t\t<div class=\"elementor-tab-title elementor-tab-mobile-title\" aria-selected=\"false\" data-tab=\"2\" role=\"tab\" tabindex=\"-1\" aria-controls=\"elementor-tab-content-2622\" aria-expanded=\"false\">A\u00c7IKLAMA<\/div>\n\t\t\t\t\t<div id=\"elementor-tab-content-2622\" class=\"elementor-tab-content elementor-clearfix\" data-tab=\"2\" role=\"tabpanel\" aria-labelledby=\"elementor-tab-title-2622\" tabindex=\"0\" hidden=\"hidden\"><p><strong><b>TEK BA\u015eINA\u00a0 3 MAK\u0130NA\u00a0 \u2013<\/b><\/strong><strong><b>\u00a0M\u0130ST BLOWER- U.L.V \u2013 HOLDER\u00a0<\/b><\/strong><\/p><p><strong><b>M\u0130STBLOWER :<\/b><\/strong>\u00a0Y\u00fcksek Hareket kabiliyetine sahip Mist Blower cihaz\u0131m\u0131z sayesinde ye\u015fil alanlar, ula\u015f\u0131lamayan \u00e7\u00f6p toplama merkezleri, g\u00fcbrelik alanlarda gerekli insektisitin do\u011fru oranda s\u00fcr\u00fcklenmeye izin vermeden, hedef noktalara ula\u015ft\u0131r\u0131lmas\u0131n\u0131 sa\u011flayan \u00f6zel ekipmand\u0131r . Tek ba\u015f\u0131na bir \u00e7ok ila\u00e7lama i\u015fini yapabilen y\u00fcksek spreyleme cihaz\u0131d\u0131r. mist blower sistemi ile ara\u00e7 i\u00e7erisinden kumanda yard\u0131m\u0131 ile ara\u00e7tan inmeden\u00a0 istedi\u011finiz hareketle yukar\u0131 a\u015fa\u011f\u0131 , sa\u011fa sola hareket ettirerek\u00a0 uzun menzilli yerlerin ila\u00e7lanmas\u0131nda mist blower ile k\u0131sa zamanda etkin g\u00fc\u00e7l\u00fc ba\u015far\u0131 sa\u011flayabilirsiniz.\u00a0<\/p><p><strong><b>U.L.V<\/b><\/strong>\u00a0<strong><b>:\u00a0<\/b><\/strong>T\u00fcrkiye\u00a0\u00a0ve\u00a0 D\u00fcnyada\u00a0tek orjinal\u00a0\u00a0<strong><b>PATENTL\u0130<\/b><\/strong>\u00a0\u00a03 ba\u015fl\u0131k ulv sistemi\u00a0ile\u00a0ara\u00e7tan\u00a0inmeden kumanda yard\u0131m\u0131 ile sivrisinek, karasinek gibi yeti\u015fkin ha\u015fere ve b\u00f6cekler i\u00e7in bula\u015f\u0131c\u0131 hastal\u0131klar ile m\u00fccadele ama\u00e7l\u0131 kullan\u0131lmaktad\u0131r. Duru ULV modeli 09 um 49 um \u00e7ap\u0131nda p\u00fcsk\u00fcrtme yapabilmektedir. \u00c7ok k\u00fc\u00e7\u00fck mikron \u00e7ap\u0131na sahip oldu\u011fu i\u00e7in ila\u00e7lama uygulamas\u0131nda \u00fcst\u00fcn ba\u015far\u0131 sa\u011flamaktad\u0131r. \u00c7\u00fcnk\u00fc p\u00fcsk\u00fcrt\u00fclen zerreciklerin hava da ask\u0131da kalma s\u00fcresi ve Ha\u015fereye temas etme yok etme ihtimali % 100 d\u00fcr.<\/p><p><strong><b>HOLDER<\/b><\/strong>\u00a0:\u00a0ila\u00e7lama sistemini ara\u00e7tan inerek 50 metrelik hortumu ile arac\u0131n ula\u015famayaca\u011f\u0131 en ula\u015fabilmeyen \u00fc\u00e7ra k\u00f6\u015feleri lavra,\u00e7\u00f6p konteyn\u0131rlar\u0131 vs\u00a0 ila\u00e7layabilirsiniz,\u00a0<\/p><p><strong><b>DURU M\u0130ST BLOWER AVANTAJLARI !!!<\/b><\/strong><\/p><p>\u00a0 \u00a0<strong><b>T\u00fcrkiyede ve d\u00fcnyada benzeri olmayan patentli cihaz \u00fczerinde 3 ba\u015fl\u0131kl\u0131 orjinal U.L.V\u00a0 sistemi.<\/b><\/strong><\/p><ul><li>25 y\u0131ll\u0131k terc\u00fcbe<\/li><li>Benzersiz fiyat avantaj\u0131<\/li><li>G\u00fccl\u00fc servis a\u011f\u0131<\/li><li>Otomotik ba\u015fl\u0131kl\u0131<\/li><li>\u015ease \u00f6l\u00e7\u00fcleri k\u00fc\u00e7\u00fck \u00e7ift kabin ara\u00e7lara uygundur.<\/li><li>50 metre uzunlu\u011funda y\u00fcksek bas\u0131nca dayan\u0131kl\u0131 hortum.<\/li><li>Ba\u015fl\u0131k \u00fczerindeki lamba sayesinde gece kullan\u0131m\u0131na uygundur.<\/li><li>\u00dcr\u00fcn teslimi yerinde ve e\u011fitimli olarak.<\/li><\/ul><\/div>\n\t\t\t\t\t\t\t\t\t<div class=\"elementor-tab-title elementor-tab-mobile-title\" aria-selected=\"false\" data-tab=\"3\" role=\"tab\" tabindex=\"-1\" aria-controls=\"elementor-tab-content-2623\" aria-expanded=\"false\">SATI\u015e SONRASI<\/div>\n\t\t\t\t\t<div id=\"elementor-tab-content-2623\" class=\"elementor-tab-content elementor-clearfix\" data-tab=\"3\" role=\"tabpanel\" aria-labelledby=\"elementor-tab-title-2623\" tabindex=\"0\" hidden=\"hidden\"><p><strong>Ara\u00e7 \u00dcst\u00fc \u0130la\u00e7lama Makinas\u0131 Al\u0131rken !!<\/strong><\/p><p>ULV ila\u00e7lama makinas\u0131 se\u00e7erken baz\u0131 kriterlerin g\u00f6zden ge\u00e7irilmesinde mutlaka fayda olacakt\u0131r. Bu nedenle ULV cihaz\u0131 almadan \u00f6nce mutlaka M\u00fc\u015fteri temsilcimizle ileti\u015fime ge\u00e7iniz .<\/p><p><strong>SATI\u015e SONRASI DESTEK<\/strong><\/p><p>Sat\u0131\u015f Sonras\u0131 Hizmetimizden faydalanmak i\u00e7in a\u015fa\u011f\u0131daki teknik servis numaram\u0131zdan<br \/>Ar\u0131zal\u0131 veya hasar g\u00f6ren ULV ila\u00e7lama makineleriniz i\u00e7in 7\/24 \u00a0ileti\u015fim kurabilirsiniz<\/p><p><strong>Sat\u0131\u015f Sonras\u0131 Hizmet \u2013 Teknik Servis<\/strong><\/p><ul><li>G\u00f6r\u00fcnt\u00fcl\u00fc konu\u015fma ile uzaktan \u00e7al\u0131\u015ft\u0131rma talimat\u0131 ve teknik yard\u0131m hatt\u0131.<\/li><li>\u0130htiyac\u0131n\u0131z olan yedek par\u00e7an\u0131n kod numaras\u0131n\u0131 bilmiyorsan\u0131z resmini \u00e7ekip bu hat \u00fczerinden g\u00f6nderebilirsiniz.<\/li><li>Uzmanl\u0131k gerektiren ar\u0131za tespiti veya teknik bilgimize dan\u0131\u015fmak i\u00e7in 7\/24\u00a0 ileti\u015fim kurabilirsiniz.<\/li><\/ul><\/div>\n\t\t\t\t\t\t\t\t\t<div class=\"elementor-tab-title elementor-tab-mobile-title\" aria-selected=\"false\" data-tab=\"4\" role=\"tab\" tabindex=\"-1\" aria-controls=\"elementor-tab-content-2624\" aria-expanded=\"false\">\u0130LET\u0130\u015e\u0130M FORMU<\/div>\n\t\t\t\t\t<div id=\"elementor-tab-content-2624\" class=\"elementor-tab-content elementor-clearfix\" data-tab=\"4\" role=\"tabpanel\" aria-labelledby=\"elementor-tab-title-2624\" tabindex=\"0\" hidden=\"hidden\"><p><div class=\"wpforms-container wpforms-container-full\" id=\"wpforms-5223\"><form id=\"wpforms-form-5223\" class=\"wpforms-validate wpforms-form wpforms-ajax-form\" data-formid=\"5223\" method=\"post\" enctype=\"multipart\/form-data\" action=\"\/index.php\/wp-json\/wp\/v2\/pages\/5289\" data-token=\"3137d0e7935773d21999e985e5368d7e\"><noscript class=\"wpforms-error-noscript\">Please enable JavaScript in your browser to complete this form.<\/noscript><div class=\"wpforms-field-container\"><div id=\"wpforms-5223-field_0-container\" class=\"wpforms-field wpforms-field-name\" data-field-id=\"0\"><label class=\"wpforms-field-label\" for=\"wpforms-5223-field_0\">Ad\u0131n\u0131z &#8211; Soyad\u0131n\u0131z <span class=\"wpforms-required-label\">*<\/span><\/label><div class=\"wpforms-field-row wpforms-field-medium\"><div class=\"wpforms-field-row-block wpforms-first wpforms-one-half\"><input type=\"text\" id=\"wpforms-5223-field_0\" class=\"wpforms-field-name-first wpforms-field-required\" name=\"wpforms[fields][0][first]\" required><label for=\"wpforms-5223-field_0\" class=\"wpforms-field-sublabel after \">First<\/label><\/div><div class=\"wpforms-field-row-block wpforms-one-half\"><input type=\"text\" id=\"wpforms-5223-field_0-last\" class=\"wpforms-field-name-last wpforms-field-required\" name=\"wpforms[fields][0][last]\" required><label for=\"wpforms-5223-field_0-last\" class=\"wpforms-field-sublabel after \">Last<\/label><\/div><\/div><\/div><div id=\"wpforms-5223-field_1-container\" class=\"wpforms-field wpforms-field-email\" data-field-id=\"1\"><label class=\"wpforms-field-label\" for=\"wpforms-5223-field_1\">E-mail Adresiniz <span class=\"wpforms-required-label\">*<\/span><\/label><input type=\"email\" id=\"wpforms-5223-field_1\" class=\"wpforms-field-medium wpforms-field-required\" name=\"wpforms[fields][1]\" required><\/div><div id=\"wpforms-5223-field_3-container\" class=\"wpforms-field wpforms-field-number\" data-field-id=\"3\"><label class=\"wpforms-field-label\" for=\"wpforms-5223-field_3\">Telefon Numaran\u0131z<\/label><input type=\"number\" pattern=\"\\d*\" id=\"wpforms-5223-field_3\" class=\"wpforms-field-medium\" name=\"wpforms[fields][3]\" ><div class=\"wpforms-field-description\">Sizinle ileti\u015fim kurabilmemiz i\u00e7in gerekmektedir.<\/div><\/div><div id=\"wpforms-5223-field_2-container\" class=\"wpforms-field wpforms-field-textarea\" data-field-id=\"2\"><label class=\"wpforms-field-label\" for=\"wpforms-5223-field_2\">Mesaj\u0131n\u0131z <span class=\"wpforms-required-label\">*<\/span><\/label><textarea id=\"wpforms-5223-field_2\" class=\"wpforms-field-medium wpforms-field-required\" name=\"wpforms[fields][2]\" required><\/textarea><\/div><\/div><div class=\"wpforms-submit-container\"><input type=\"hidden\" name=\"wpforms[id]\" value=\"5223\"><input type=\"hidden\" name=\"wpforms[author]\" value=\"1\"><button type=\"submit\" name=\"wpforms[submit]\" id=\"wpforms-submit-5223\" class=\"wpforms-submit\" data-alt-text=\"G\u00f6nderiliyor...\" data-submit-text=\"G\u00f6nder\" aria-live=\"assertive\" value=\"wpforms-submit\">G\u00f6nder<\/button><img loading=\"lazy\" decoding=\"async\" src=\"data:image\/gif;base64,R0lGODlhAQABAAAAACH5BAEKAAEALAAAAAABAAEAAAICTAEAOw==\" data-src=\"https:\/\/kmkgrup.com.tr\/wp-content\/plugins\/wpforms-lite\/assets\/images\/submit-spin.svg\" class=\" lazyload wpforms-submit-spinner\" style=\"display: none;\" width=\"26\" height=\"26\" alt=\"\"><\/div><\/form><\/div>  <!-- .wpforms-container --><\/p><\/div>\n\t\t\t\t\t\t\t<\/div>\n\t\t<\/div>\n\t\t\t\t<\/div>\n\t\t\t\t<\/div>\n\t\t\t\t\t<\/div>\n\t\t<\/div>\n\t\t\t\t\t\t\t<\/div>\n\t\t<\/section>\n\t\t\t\t\t\t<\/div>\n\t\t\t\t\t<\/div>\n\t\t","protected":false},"excerpt":{"rendered":"<p>DURU M\u0130STBLOWER U.L.V MAK\u0130NASI DURU M\u0130STBLOWER ARA\u00c7 \u00dcST\u00dc \u0130LA\u00c7LAMA MAK\u0130NASI https:\/\/youtu.be\/83zrPpGWVAEhttps:\/\/youtu.be\/ubFxYQ5ta7c TEKN\u0130K DETAYLAR A\u00c7IKLAMA SATI\u015e SONRASI \u0130LET\u0130\u015e\u0130M FORMU TEKN\u0130K DETAYLAR MOTOR 18hp\u00a0 \u2013 15 hp\u00a0 ULV\u00a0\u00a0 Tek nozul ULV Ba\u015fl\u0131k Hareketi 340 derece sa\u011fa ve sola 210 derece yukar\u0131 ve a\u015fa\u011f\u0131 Kumanda FULL tam foksiyonlu \u0130la\u00e7 Tank Kapasitesi 400 litre iste\u011fe ba\u011fl\u0131 500 litre \u0130la\u00e7[&#8230;]<\/p>\n","protected":false},"author":1,"featured_media":0,"parent":0,"menu_order":0,"comment_status":"closed","ping_status":"closed","template":"elementor_header_footer","meta":{"inline_featured_image":false,"footnotes":""},"class_list":["post-5289","page","type-page","status-publish","hentry"],"_links":{"self":[{"href":"https:\/\/kmkgrup.com.tr\/index.php\/wp-json\/wp\/v2\/pages\/5289","targetHints":{"allow":["GET"]}}],"collection":[{"href":"https:\/\/kmkgrup.com.tr\/index.php\/wp-json\/wp\/v2\/pages"}],"about":[{"href":"https:\/\/kmkgrup.com.tr\/index.php\/wp-json\/wp\/v2\/types\/page"}],"author":[{"embeddable":true,"href":"https:\/\/kmkgrup.com.tr\/index.php\/wp-json\/wp\/v2\/users\/1"}],"replies":[{"embeddable":true,"href":"https:\/\/kmkgrup.com.tr\/index.php\/wp-json\/wp\/v2\/comments?post=5289"}],"version-history":[{"count":19,"href":"https:\/\/kmkgrup.com.tr\/index.php\/wp-json\/wp\/v2\/pages\/5289\/revisions"}],"predecessor-version":[{"id":6166,"href":"https:\/\/kmkgrup.com.tr\/index.php\/wp-json\/wp\/v2\/pages\/5289\/revisions\/6166"}],"wp:attachment":[{"href":"https:\/\/kmkgrup.com.tr\/index.php\/wp-json\/wp\/v2\/media?parent=5289"}],"curies":[{"name":"wp","href":"https:\/\/api.w.org\/{rel}","templated":true}]}}